 be o(-16). What is the greatest common divisor of s and 66?
22
Suppose -7*p - 6 = -10*p. Suppose 246 = p*g - 4*w, -4*g - 2*w + 6*w = -476. What is the greatest common divisor of g and 23?
23
Suppose 0 = -5*g + 4 + 11. Let y(w) = 28*w**2 - 2*w - 4*w + g*w + 5*w + 1. Let r be y(-1). What is the greatest common factor of 108 and r?
27
Let l(d) = 5*d**2 - 9 + 2*d - d**3 - 4*d + 10*d. Let t be l(6). Let m be 2 - (t + 2) - -5. Calculate the highest common divisor of m and 16.
2
Suppose -8770*u = -8760*u - 2200. What is the greatest common factor of u and 484?
44
Suppose 5*s = 112 + 83. Let p = s + 60. Calculate the highest common factor of p and 9.
9
Suppose 3*p = 133 + 47. Let h = -1257 + 1269. What is the greatest common divisor of h and p?
12
Suppose -2*u + 38 = 5*m - 6*u, -28 = -3*m + 5*u. Suppose 3*x - 69 = 129. Calculate the greatest common factor of x and m.
6
Suppose -4*j + 6 = -j. Let c = 6 + 24. Let a = c + -28. Calculate the greatest common divisor of a and j.
2
Let j be (-3 - 385/5) + 0. Let r = -53 - j. Let v be ((-12)/(-10))/((-3)/(-135)). What is the greatest common divisor of r and v?
27
Let p = -24368 - -24392. Suppose -5*t = -0*t - 90. Calculate the highest common factor of p and t.
6
Let s be 66/99 - (-22)/3. Let r(p) = 9*p + 9. Let z be r(7). Calculate the highest common factor of z and s.
8
Let s(b) = 69*b + 416. Let f be s(-6). Suppose -5*x - 3 + 23 = -2*h, 25 = -5*h. What is the highest common factor of f and x?
2
Let d(m) = -m + 107. Let l be d(0). Suppose 2*j = -r + l, 3*j + 2*r + 150 = 6*j. What is the greatest common factor of 13 and j?
13
Let z be (127/3)/(11/33). Let a = z - 551. Let p be 2/(-14) - a/28. What is the greatest common factor of 135 and p?
15
Let c be 10*(-3 + 90/25). What is the greatest common factor of 12 and c?
6
Let g(r) = 2*r**2 + 5*r + 3. Let a be g(-4). Let b be 1 + 20/6 - a/45. What is the highest common factor of 4 and b?
4
Suppose -2*s - 10925 = -25*s. Calculate the greatest common factor of 133 and s.
19
Let k(v) = -2*v**2 + 2*v. Let f be k(-2). Let n be (8/f)/((-3)/54). Suppose 8*q + 4 = n*q. What is the greatest common divisor of q and 4?
1
Suppose 96 = 4*m + 3*k, 2*k + 32 = 4*m - 84. What is the highest common factor of 54 and m?
27
Suppose -y = -b + 2, -2*b + 3*y + y = -14. Let i be (-1)/(-4)*(89 - b). Let h = 236 - 52. What is the highest common divisor of i and h?
23
Let q be (12 - 3)*30/9. Let b = q + -20. Suppose -6*r - 16 = -10*r. What is the greatest common factor of r and b?
2
Let d be (-1)/(2 - -1)*-15. Let m be d + -3 + (1 - -1). Let t be (1253/(-358))/((-1)/(-2)) + 3*5. What is the highest common divisor of t and m?
4
Let g(d) = -159*d - 457. Let u be g(-13). Calculate the highest common factor of u and 70.
70
Let i be 46/115 + -1*(-68)/5. Suppose -i*h + 36 = -10*h. What is the highest common factor of 18 and h?
9
Let o = -340 - -344. What is the greatest common factor of o and 7?
1
Let w be 30 - (-1 + 2 + 1). Suppose 31*k - 32*k + 793 = 0. Suppose -3*l + k = 4*x, -187 = -x + l + 2*l. Calculate the greatest common factor of w and x.
28
Let b be (-21)/((-63)/2) + 237/9. Calculate the highest common factor of 48 and b.
3
Suppose -5*n + 4*x - 257 - 40 = 0, -3*n - 162 = 3*x. Suppose 46 = -4*y - 2. Let m = y - n. What is the greatest common factor of 9 and m?
9
Let r = -11 + 23. Let u(w) = 2*w**3 - 3*w**2 - w + 2. Let i be u(2). Let n = i + r. What is the greatest common factor of 24 and n?
8
Suppose -5*s + 13 = -22. Suppose -3*x + 5*h = 2*h - 12, -3*x + 2*h + 15 = 0. Calculate the greatest common divisor of x and s.
7
Suppose -4*j - 3*m + 6 = 0, 0*j - 1 = -j - m. Suppose j*v - 9 = 27. Calculate the greatest common factor of v and 12.
12
Suppose 2*h - 60 = -3*f, 35 + 35 = 2*h - 2*f. Suppose x - 5*r + 1315 = 5*x, -658 = -2*x - 2*r. Calculate the greatest common factor of h and x.
33
Suppose -57*p = -38*p - 5016. Calculate the greatest common divisor of p and 88.
88
Let r = -30 - -33. Let o = -1 - -4. Calculate the greatest common divisor of o and r.
3
Let d = 129 + -3. Let g be 3/(-2) + d/12. What is the highest common factor of g and 45?
9
Let r be (15/(-3 - -2))/1. Let j be 15/(-6)*18/r. Suppose -58 - 32 = -j*n. Calculate the highest common factor of n and 12.
6
Suppose 0 = 3*o + o - 8. Let q be (-70)/6 + (-4)/12. Let d = 17 + q. What is the greatest common factor of o and d?
1
Let q = 6 + -15. Suppose 0 = 6*u + 131 + 37. Let s be (q/6)/(3/u). Calculate the highest common divisor of s and 14.
14
Let m be 30/105 - 2/7. Suppose 0 = -6*w - m*w + 192. Calculate the highest common divisor of 32 and w.
32
Suppose -35*x = -36*x + 4. Suppose 3*n = -5*u + 166, -n = 2 - x. Let j = 146 + -66. What is the greatest common factor of u and j?
16
Let c be (-1 - 1)*8/16. Let n = c - -3. Calculate the highest common divisor of n and 10.
2
Suppose 0 = -9*h + 3946 - 1138. What is the greatest common factor of h and 12?
12
Suppose 6*v - 9*v + 87 = -2*r, 0 = v - r - 28. Let c = v + -27. What is the highest common divisor of c and 6?
2
Suppose i = 5*i + 5*v + 548, 3*v = 0. Let p = i + 163. What is the highest common divisor of p and 26?
26
Let x = -85 + 129. Let s = 20 - 9. Calculate the highest common factor of x and s.
11
Let t = 75 - 124. Let h be 63/t + 2/7. Let a(f) = -5*f + 1. Let o be a(h). Calculate the greatest common divisor of 9 and o.
3
Let a = 345 + -140. Suppose n + 115 = 35. Let r = n + a. What is the highest common factor of 50 and r?
25
Let b be 25 - (-1 + (-1 - -4)). Suppose -w + 18 = -z, -b = -3*w - 2*z + 11. What is the greatest common factor of w and 70?
14
Let z(q) = -q**2 + 3*q + 1. Suppose -4*g + 8 + 4 = 0. Let s be z(g). Let j be s/(-2)*(-2 + 0). What is the greatest common factor of j and 8?
1
Suppose -10 = a + 33. Let v = -76 - a. Let k be v*((-4)/2)/6. What is the highest common factor of k and 77?
11
Let y be 1385/7 - 1/(-7). What is the highest common divisor of 44 and y?
22
Let k(c) = 4*c + 18. Let p be k(-9). Let a be p - (-3)/((-3)/4). Let y = -12 - a. What is the highest common divisor of 20 and y?
10
Let c be 2/6 - (160/12)/1. Let i(l) = 2*l + 31. Let p be i(c). What is the highest common factor of 20 and p?
5
Let i be ((-3)/18*26)/(1/(-3)). Let f be (2 - 5) + i/1. Suppose 0 = g + w - 139 + 25, 3*w = -2*g + 232. Calculate the greatest common factor of f and g.
10
Let g be -34*(0 + 1)*-2. Calculate the highest common divisor of g and 187.
17
Suppose -4*y - 3*j + 112 = -0*j, -4*y + 112 = 2*j. Let a = -25 - -87. Let d = 314 - a. What is the greatest common factor of y and d?
28
Let i = 349 + -294. Suppose 2*z - z + 1 = -3*w, z + w - 7 = 0. Calculate the greatest common divisor of z and i.
11
Let s = 39 - 37. Suppose 0 = -v - 0*n - n + 16, -5*v + 68 = s*n. What is the greatest common divisor of v and 20?
4
Let s be (-3 - -9) + -7 + (-46)/(-2). What is the greatest common divisor of 88 and s?
22
Suppose 54*h - 3839 = 5341. Calculate the greatest common factor of 935 and h.
85
Let q(t) = 3*t - 36. Let l be q(13). Calculate the greatest common factor of 51 and l.
3
Let c(k) = -35*k**2 + 0 + 36*k**2 - 6 - 3*k + 9*k. Let w be c(-8). Let b(d) = 5*d. Let i be b(1). Calculate the greatest common factor of w and i.
5
Suppose 10862 = 46*i - 6802. What is the highest common divisor of 72 and i?
24
Suppose 2*k = -2*n + 802, -5*n + 6*n - 421 = 3*k. Calculate the highest common factor of 14 and n.
14
Suppose o = -3*o + 2*i + 60, 60 = 4*o + 4*i. Suppose o = j + 4*j. Suppose j*q + 2 = 8. Calculate the highest common divisor of q and 8.
2
Let z = 12 - -3. What is the highest common divisor of z and 480?
15
Let n(o) = o**2 - 33*o + 689. Let h be n(16). Calculate the highest common factor of 139 and h.
139
Let q(h) = h**2 + 3*h. Let z = 9 - 0. Let i(x) = 2*x - 10. Let t be i(z). Let j be q(t). What is the greatest common divisor of j and 11?
11
Suppose 0 = r + s - 348, -409 = 4*r - 2*s - 1825. What is the greatest common divisor of 132 and r?
44
Suppose 0 = n + 4*n - 5. Let f be 1/(n/69) - 4. Suppose 6*a - f = a. What is the greatest common factor of a and 52?
13
Suppose 0 = -4*n + 20, 3*n - 99 + 810 = 6*d. Suppose -3*q + 52 = 2*q + 3*y, 0 = 2*q + 2*y - 20. What is the greatest common divisor of q and d?
11
Let v be ((-16)/24)/((-2)/468). Suppose 37*u - 35*u = v. What is the highest common f